{"id":49,"date":"2015-12-04T08:13:58","date_gmt":"2015-12-04T08:13:58","guid":{"rendered":"http:\/\/kkskozienice.pl\/?page_id=49"},"modified":"2025-09-22T07:59:46","modified_gmt":"2025-09-22T07:59:46","slug":"pierwsza","status":"publish","type":"page","link":"http:\/\/kkskozienice.pl\/?page_id=49","title":{"rendered":"DRU\u017bYNY"},"content":{"rendered":"<h4 style=\"text-align: justify;\"><strong>W sezonie 2025\/26 Enea KKS Kozienice wystawia do rozgrywek ligowych dru\u017cyn\u0119 senior\u00f3w (II liga), kadeci, kadetki, m\u0142odziczki oraz zawodniczki mini-siatk\u00f3wki. Klub realizuje r\u00f3wnie\u017c zaj\u0119cia siatkarskiego przedszkola.<\/strong><\/h4>\n<p style=\"text-align: center;\"><!--more--><a href=\"http:\/\/kkskozienice.pl\/wp-content\/uploads\/2021\/10\/komplet-1-scaled.jpg\"><img loading=\"lazy\" class=\"aligncenter size-large wp-image-4045\" src=\"http:\/\/kkskozienice.pl\/wp-content\/uploads\/2021\/10\/komplet-1-1024x576.jpg\" alt=\"\" width=\"654\" height=\"368\" srcset=\"http:\/\/kkskozienice.pl\/wp-content\/uploads\/2021\/10\/komplet-1-1024x576.jpg 1024w, http:\/\/kkskozienice.pl\/wp-content\/uploads\/2021\/10\/komplet-1-300x169.jpg 300w, http:\/\/kkskozienice.pl\/wp-content\/uploads\/2021\/10\/komplet-1-768x432.jpg 768w, http:\/\/kkskozienice.pl\/wp-content\/uploads\/2021\/10\/komplet-1-1536x864.jpg 1536w, http:\/\/kkskozienice.pl\/wp-content\/uploads\/2021\/10\/komplet-1-2048x1152.jpg 2048w, http:\/\/kkskozienice.pl\/wp-content\/uploads\/2021\/10\/komplet-1-128x72.jpg 128w, http:\/\/kkskozienice.pl\/wp-content\/uploads\/2021\/10\/komplet-1-32x18.jpg 32w, http:\/\/kkskozienice.pl\/wp-content\/uploads\/2021\/10\/komplet-1-2x1.jpg 2w, http:\/\/kkskozienice.pl\/wp-content\/uploads\/2021\/10\/komplet-1-700x394.jpg 700w\" sizes=\"(max-width: 654px) 100vw, 654px\" \/><\/a><em><strong>Zawodnicy, trenerzy i cz\u0142onkowie zarz\u0105du klubu. Fot. z sezonu 2021\/22.<\/strong><\/em><\/p>\n<p><em>Energii naszym siatkarzom dodaj\u0105 Enea i Gmina Kozienice.<\/em><\/p>\n","protected":false},"excerpt":{"rendered":"<p>W sezonie 2025\/26 Enea KKS Kozienice wystawia do rozgrywek ligowych dru\u017cyn\u0119 senior\u00f3w (II liga), kadeci, kadetki, m\u0142odziczki oraz zawodniczki mini-siatk\u00f3wki. Klub realizuje r\u00f3wnie\u017c zaj\u0119cia siatkarskiego przedszkola.<\/p>\n","protected":false},"author":1,"featured_media":4045,"parent":0,"menu_order":0,"comment_status":"closed","ping_status":"closed","template":"","meta":[],"yoast_head":"<!-- This site is optimized with the Yoast SEO plugin v15.2 - https:\/\/yoast.com\/wordpress\/plugins\/seo\/ -->\n<title>DRU\u017bYNY -<\/title>\n<meta name=\"robots\" content=\"index, follow, max-snippet:-1, max-image-preview:large, max-video-preview:-1\" \/>\n<link rel=\"canonical\" href=\"http:\/\/kkskozienice.pl\/?page_id=49\" \/>\n<meta property=\"og:locale\" content=\"pl_PL\" \/>\n<meta property=\"og:type\" content=\"article\" \/>\n<meta property=\"og:title\" content=\"DRU\u017bYNY -\" \/>\n<meta property=\"og:description\" content=\"W sezonie 2025\/26 Enea KKS Kozienice wystawia do rozgrywek ligowych dru\u017cyn\u0119 senior\u00f3w (II liga), kadeci, kadetki, m\u0142odziczki oraz zawodniczki mini-siatk\u00f3wki. Klub realizuje r\u00f3wnie\u017c zaj\u0119cia siatkarskiego przedszkola.\" \/>\n<meta property=\"og:url\" content=\"http:\/\/kkskozienice.pl\/?page_id=49\" \/>\n<meta property=\"article:publisher\" content=\"https:\/\/www.facebook.com\/EneaKksKozienice\" \/>\n<meta property=\"article:modified_time\" content=\"2025-09-22T07:59:46+00:00\" \/>\n<meta property=\"og:image\" content=\"http:\/\/kkskozienice.pl\/wp-content\/uploads\/2021\/10\/komplet-1-scaled.jpg\" \/>\n\t<meta property=\"og:image:width\" content=\"2560\" \/>\n\t<meta property=\"og:image:height\" content=\"1440\" \/>\n<meta name=\"twitter:card\" content=\"summary_large_image\" \/>\n<meta name=\"twitter:creator\" content=\"@KKSKozienice\" \/>\n<meta name=\"twitter:site\" content=\"@KKSKozienice\" \/>\n<meta name=\"twitter:label1\" value=\"Written by\">\n\t<meta name=\"twitter:data1\" value=\"kkskozienice\">\n\t<meta name=\"twitter:label2\" value=\"Est. reading time\">\n\t<meta name=\"twitter:data2\" value=\"0 minut\">\n<script type=\"application\/ld+json\" class=\"yoast-schema-graph\">{\"@context\":\"https:\/\/schema.org\",\"@graph\":[{\"@type\":\"WebSite\",\"@id\":\"http:\/\/kkskozienice.pl\/#website\",\"url\":\"http:\/\/kkskozienice.pl\/\",\"name\":\"\",\"description\":\"\",\"potentialAction\":[{\"@type\":\"SearchAction\",\"target\":\"http:\/\/kkskozienice.pl\/?s={search_term_string}\",\"query-input\":\"required name=search_term_string\"}],\"inLanguage\":\"pl-PL\"},{\"@type\":\"ImageObject\",\"@id\":\"http:\/\/kkskozienice.pl\/?page_id=49#primaryimage\",\"inLanguage\":\"pl-PL\",\"url\":\"http:\/\/kkskozienice.pl\/wp-content\/uploads\/2021\/10\/komplet-1-scaled.jpg\",\"width\":2560,\"height\":1440},{\"@type\":\"WebPage\",\"@id\":\"http:\/\/kkskozienice.pl\/?page_id=49#webpage\",\"url\":\"http:\/\/kkskozienice.pl\/?page_id=49\",\"name\":\"DRU\\u017bYNY -\",\"isPartOf\":{\"@id\":\"http:\/\/kkskozienice.pl\/#website\"},\"primaryImageOfPage\":{\"@id\":\"http:\/\/kkskozienice.pl\/?page_id=49#primaryimage\"},\"datePublished\":\"2015-12-04T08:13:58+00:00\",\"dateModified\":\"2025-09-22T07:59:46+00:00\",\"inLanguage\":\"pl-PL\",\"potentialAction\":[{\"@type\":\"ReadAction\",\"target\":[\"http:\/\/kkskozienice.pl\/?page_id=49\"]}]}]}<\/script>\n<!-- \/ Yoast SEO plugin. -->","_links":{"self":[{"href":"http:\/\/kkskozienice.pl\/index.php?rest_route=\/wp\/v2\/pages\/49"}],"collection":[{"href":"http:\/\/kkskozienice.pl\/index.php?rest_route=\/wp\/v2\/pages"}],"about":[{"href":"http:\/\/kkskozienice.pl\/index.php?rest_route=\/wp\/v2\/types\/page"}],"author":[{"embeddable":true,"href":"http:\/\/kkskozienice.pl\/index.php?rest_route=\/wp\/v2\/users\/1"}],"replies":[{"embeddable":true,"href":"http:\/\/kkskozienice.pl\/index.php?rest_route=%2Fwp%2Fv2%2Fcomments&post=49"}],"version-history":[{"count":45,"href":"http:\/\/kkskozienice.pl\/index.php?rest_route=\/wp\/v2\/pages\/49\/revisions"}],"predecessor-version":[{"id":10977,"href":"http:\/\/kkskozienice.pl\/index.php?rest_route=\/wp\/v2\/pages\/49\/revisions\/10977"}],"wp:featuredmedia":[{"embeddable":true,"href":"http:\/\/kkskozienice.pl\/index.php?rest_route=\/wp\/v2\/media\/4045"}],"wp:attachment":[{"href":"http:\/\/kkskozienice.pl\/index.php?rest_route=%2Fwp%2Fv2%2Fmedia&parent=49"}],"curies":[{"name":"wp","href":"https:\/\/api.w.org\/{rel}","templated":true}]}}